of 62988 and 261?
87
Calculate the greatest common divisor of 372 and 1020.
12
Calculate the greatest common divisor of 2685 and 57280.
895
Calculate the greatest common divisor of 98783 and 7423.
571
What is the greatest common divisor of 1273 and 350678?
67
What is the highest common factor of 3892 and 759913?
973
Calculate the highest common divisor of 171 and 1271670.
57
Calculate the highest common divisor of 179962 and 117317.
1139
Calculate the greatest common divisor of 105342 and 2328.
582
Calculate the greatest common factor of 64404 and 48.
12
Calculate the highest common factor of 38940 and 98412.
708
What is the highest common divisor of 9749568 and 986?
986
What is the highest common factor of 135 and 9165?
15
Calculate the greatest common divisor of 5425 and 124.
31
Calculate the highest common divisor of 1720496 and 879.
293
Calculate the greatest common divisor of 780 and 3165.
15
Calculate the highest common divisor of 1058 and 8694.
46
Calculate the greatest common factor of 211 and 9.
1
Calculate the highest common divisor of 168 and 888.
24
Calculate the greatest common divisor of 9 and 6860205.
9
Calculate the highest common divisor of 20 and 103960.
20
Calculate the highest common factor of 1336027 and 11.
11
What is the greatest common divisor of 140 and 9604?
28
Calculate the highest common divisor of 160 and 144256.
32
Calculate the greatest common factor of 6 and 2227377.
3
Calculate the greatest common divisor of 2 and 4129.
1
What is the highest common factor of 10595 and 3315?
65
Calculate the greatest common factor of 108 and 580116.
12
What is the highest common factor of 239175 and 135?
45
What is the highest common factor of 25322 and 198?
22
What is the highest common factor of 2340 and 6474?
78
What is the highest common factor of 154906 and 146?
146
What is the highest common factor of 1848 and 11136?
24
Calculate the greatest common divisor of 42 and 1361570.
14
Calculate the highest common factor of 206 and 7040874.
206
Calculate the highest common divisor of 3186 and 4071.
177
What is the highest common divisor of 68 and 29430196?
68
Calculate the greatest common factor of 46888 and 100.
4
Calculate the highest common factor of 6792 and 348.
12
What is the highest common divisor of 296 and 24494?
74
What is the greatest common divisor of 904 and 320468?
452
Calculate the greatest common divisor of 7020 and 486.
54
What is the highest common divisor of 16261 and 966?
161
Calculate the highest common divisor of 17 and 1145681.
17
Calculate the greatest common divisor of 7 and 1059765.
7
Calculate the highest common factor of 120372 and 168.
84
What is the greatest common divisor of 74643 and 537?
537
Calculate the greatest common divisor of 23380 and 1260.
140
Calculate the greatest common factor of 836780 and 8428.
1204
What is the greatest common divisor of 174218 and 88?
22
What is the highest common factor of 79 and 158079?
79
Calculate the greatest common factor of 20259 and 63.
9
What is the highest common divisor of 8170 and 6935?
95
Calculate the greatest common factor of 154 and 565180.
154
What is the highest common divisor of 3149 and 1175?
47
Calculate the greatest common factor of 36350 and 4350.
50
Calculate the greatest common factor of 319 and 6728.
29
Calculate the highest common divisor of 8614 and 236.
118
Calculate the greatest common factor of 152 and 19336.
8
What is the greatest common divisor of 145291 and 3?
1
What is the greatest common divisor of 1305024 and 147?
21
Calculate the highest common divisor of 6956 and 8742.
94
What is the greatest common divisor of 435 and 210917?
29
What is the greatest common divisor of 287011 and 170?
17
What is the greatest common divisor of 107445 and 1365?
195
What is the highest common factor of 8412 and 16?
4
Calculate the highest common divisor of 41244 and 9492.
84
Calculate the greatest common factor of 207 and 1517839.
23
What is the greatest common factor of 6082 and 34?
2
What is the greatest common divisor of 4511 and 221?
13
Calculate the greatest common divisor of 180 and 89500.
20
Calculate the highest common divisor of 7188228 and 18.
18
What is the greatest common factor of 1036 and 1414?
14
What is the highest common divisor of 265 and 131705?
265
What is the greatest common divisor of 6671188 and 1588?
1588
What is the greatest common factor of 2542 and 3348?
62
Calculate the highest common factor of 44180 and 5452.
188
What is the highest common divisor of 1018 and 69733?
509
What is the greatest common divisor of 830006 and 446?
446
Calculate the greatest common factor of 155 and 690525.
155
Calculate the greatest common factor of 4048 and 7216.
176
Calculate the greatest common factor of 835 and 20374.
167
What is the highest common factor of 1330448 and 16?
16
What is the greatest common divisor of 8379 and 95?
19
What is the highest common factor of 235557 and 756?
63
Calculate the highest common factor of 629619 and 87.
87
Calculate the greatest common divisor of 2550 and 119238.
102
Calculate the greatest common factor of 4841 and 6592.
103
What is the greatest common factor of 45304 and 4564?
28
What is the highest common factor of 77 and 23639?
77
What is the highest common divisor of 1024560 and 360?
360
Calculate the greatest common divisor of 1244 and 949794.
622
Calculate the greatest common divisor of 1 and 569861.
1
Calculate the highest common factor of 138 and 2653050.
138
Calculate the greatest common factor of 76 and 1818.
2
What is the highest common divisor of 253 and 20911?
11
Calculate the highest common factor of 2990 and 60.
10
Calculate the highest common divisor of 234243 and 153.
153
What is the greatest common divisor of 402122 and 28?
14
Calculate the greatest common factor of 10 and 9574.
2
What is the highest common factor of 5818309 and 1372?
343
What is the greatest common divisor of 637 and 5493488?
637
Calculate the highest common divisor of 253341 and 2079.
297
What is the greatest common factor of 128373 and 42?
21
What is the highest common factor of 4 and 118437?
1
What is the greatest common factor of 881 and 6860347?
881
Calculate the greatest common divisor of 6272 and 203.
7
Calculate the highest common divisor of 420 and 105.
105
Calculate the greatest common factor of 228 and 1296408.
228
Calculate the greatest common divisor of 10931 and 1462.
17
Calculate the greatest common divisor of 1046787 and 588.
147
Calculate the greatest common factor of 468 and 182.
26
Calculate the greatest common factor of 315 and 746865.
315
What is the highest common divisor of 71900 and 44?
4
What is the greatest common divisor of 224 and 12528?
16
What is the greatest common factor of 609 and 9835756?
203
What is the greatest common divisor of 1342 and 11858?
22
Calculate the greatest common factor of 7 and 152369.
7
What is the highest common divisor of 75 and 25775?
25
Calculate the highest common divisor of 230646 and 390.
78
Calculate the greatest common factor of 1315509 and 117.
39
Calculate the highest common divisor of 7230 and 550.
10
What is the greatest common factor of 518094 and 963?
963
Calculate the highest common factor of 410 and 36185.
5
What is the greatest common factor of 20710 and 9215?
95
Calculate the greatest common divisor of 6846 and 315.
21
Calculate the greatest common factor of 51381 and 891.
297
What is the highest common factor of 565734 and 312?
78
What is the highest common divisor of 570192 and 14?
14
What is the highest common divisor of 341 and 6325?
11
Calculate the greatest common factor of 792 and 117672.
24
What is the highest common factor of 97635 and 46?
23
What is the highest common factor of 351 and 18330?
39
Calculate the highest common divisor of 19437 and 465.
93
What is the highest common factor of 48 and 5499684?
12
Calculate the highest common divisor of 125 and 87925.
25
What is the greatest common divisor of 3182 and 9398?
74
What is the greatest common divisor of 106 and 13986382?
106
Calculate the highest common factor of 1198096 and 2472.
824
What is the highest common divisor of 5872 and 48?
16
Calculate the greatest common divisor of 2686 and 1428.
34
Calculate the greatest common divisor of 263860 and 49265.
835
Calculate the greatest c